ime factors of 786340261?
7, 23, 4884101
What are the prime factors of 75978941?
75978941
List the prime factors of 184928.
2, 5779
List the prime factors of 103090.
2, 5, 13, 61
List the prime factors of 696063597.
3, 29, 103, 173, 449
List the prime factors of 4780407.
3, 127, 12547
List the prime factors of 1579809073.
23, 31, 47, 47143
List the prime factors of 46781175.
3, 5, 7, 89107
What are the prime factors of 2140455667?
7, 31, 9863851
List the prime factors of 372737868.
2, 3, 31061489
List the prime factors of 1087795921.
31, 59, 594749
List the prime factors of 58304396.
2, 14576099
What are the prime factors of 513300715?
5, 467, 219829
What are the prime factors of 1588446546?
2, 3, 89, 2974619
What are the prime factors of 8902757?
97, 91781
List the prime factors of 787336595.
5, 157467319
What are the prime factors of 3370512200?
2, 5, 11, 31, 73, 677
List the prime factors of 3109182302.
2, 67, 79, 139, 2113
List the prime factors of 92444711.
43, 2149877
List the prime factors of 137669343.
3, 7, 6555683
List the prime factors of 139635445.
5, 569, 49081
What are the prime factors of 769916977?
769916977
What are the prime factors of 56788561?
56788561
What are the prime factors of 86159963?
5683, 15161
What are the prime factors of 26763579?
3, 773, 3847
What are the prime factors of 116437406?
2, 58218703
List the prime factors of 844434194.
2, 422217097
What are the prime factors of 116625425?
5, 7, 666431
List the prime factors of 6252876351.
3, 71, 3261803
What are the prime factors of 1891647121?
7, 13, 23, 739, 1223
List the prime factors of 4302340713.
3, 11, 3853, 11279
List the prime factors of 565730574.
2, 3, 131, 179, 4021
What are the prime factors of 1227081103?
457, 757, 3547
What are the prime factors of 2985915438?
2, 3, 11, 211, 71471
List the prime factors of 183668684.
2, 41, 389, 2879
List the prime factors of 284793427.
29, 9820463
What are the prime factors of 2888731575?
3, 5, 23, 558209
List the prime factors of 1057332677.
181, 5841617
What are the prime factors of 51818830?
2, 5, 7, 569, 1301
List the prime factors of 969715274.
2, 11, 19, 43, 53951
What are the prime factors of 134575933?
107, 1257719
What are the prime factors of 1111227091?
13, 439, 194713
What are the prime factors of 1320417388?
2, 19, 71, 244703
List the prime factors of 161646878.
2, 80823439
List the prime factors of 63715914.
2, 3, 1117, 3169
List the prime factors of 287018410.
2, 5, 7, 4100263
List the prime factors of 356647145.
5, 149, 487, 983
What are the prime factors of 733311365?
5, 19, 7719067
List the prime factors of 506126242.
2, 127, 1992623
What are the prime factors of 9392509?
7, 1341787
What are the prime factors of 5668390825?
5, 23, 857, 11503
List the prime factors of 1079003731.
13, 37, 2243251
What are the prime factors of 46248828?
2, 3, 127, 30347
What are the prime factors of 71895573?
3, 1607, 1657
What are the prime factors of 171353489?
17, 29, 503, 691
What are the prime factors of 3485236019?
191, 18247309
What are the prime factors of 55886335?
5, 29, 31, 12433
What are the prime factors of 58008672?
2, 3, 19, 10601
What are the prime factors of 45732160?
2, 5, 241, 593
List the prime factors of 155275920.
2, 3, 5, 71887
List the prime factors of 3586682631.
3, 7, 2531, 67481
List the prime factors of 158116539.
3, 7, 7529359
What are the prime factors of 728538973?
719, 1013267
What are the prime factors of 1010891903?
7, 19, 1085813
What are the prime factors of 46056028?
2, 23, 269, 1861
What are the prime factors of 85571802?
2, 3, 167, 3163
List the prime factors of 21975526.
2, 17, 646339
What are the prime factors of 184830645?
3, 5, 23, 535741
List the prime factors of 52307429.
52307429
What are the prime factors of 3176211288?
2, 3, 41, 137, 23561
List the prime factors of 1213303243.
17, 191, 373669
What are the prime factors of 1825789360?
2, 5, 22822367
What are the prime factors of 234028590?
2, 3, 5, 7800953
List the prime factors of 2213656533.
3, 11, 103, 24121
List the prime factors of 46066946.
2, 23033473
List the prime factors of 159734785.
5, 7, 31, 147221
List the prime factors of 442146848.
2, 11, 13, 23, 4201
What are the prime factors of 769363065?
3, 5, 17096957
List the prime factors of 4826852729.
53, 91072693
List the prime factors of 18203536.
2, 13, 87517
List the prime factors of 47104664.
2, 5888083
List the prime factors of 52885379.
19, 271, 10271
What are the prime factors of 185504541?
3, 41, 509, 2963
List the prime factors of 8786331.
3, 17, 57427
What are the prime factors of 721793147?
19, 47, 2239
What are the prime factors of 2200922017?
7, 17, 59, 313477
List the prime factors of 55996800.
2, 3, 5, 19, 307
What are the prime factors of 1404819541?
2833, 495877
List the prime factors of 117236629.
117236629
List the prime factors of 11962960.
2, 5, 229, 653
List the prime factors of 235503394.
2, 7, 23, 31799
List the prime factors of 58453202.
2, 29226601
What are the prime factors of 1069773382?
2, 17, 1297, 1427
What are the prime factors of 530931638?
2, 265465819
What are the prime factors of 1157764936?
2, 31, 4668407
What are the prime factors of 22607315?
5, 1231, 3673
What are the prime factors of 107428327?
107428327
List the prime factors of 57968746.
2, 11, 2634943
List the prime factors of 735559827.
3, 97, 113, 22369
List the prime factors of 5062153.
29, 173, 1009
What are the prime factors of 44239344?
2, 3, 499, 1847
List the prime factors of 695196673.
695196673
What are the prime factors of 2958710612?
2, 11, 13, 5172571
What are the prime factors of 105076838?
2, 83, 632993
What are the prime factors of 537506756?
2, 59, 2277571
What are the prime factors of 209191492?
2, 109, 479797
List the prime factors of 6895823720.
2, 5, 827, 208459
List the prime factors of 328207843.
19, 181, 5023
What are the prime factors of 28516045?
5, 89, 64081
What are the prime factors of 5228637?
3, 641, 2719
What are the prime factors of 2755841261?
29, 4721, 20129
What are the prime factors of 142593496?
2, 1229, 14503
What are the prime factors of 56769072?
2, 3, 1182689
What are the prime factors of 1725609667?
17, 137, 740923
What are the prime factors of 160946533?
11, 433, 33791
List the prime factors of 578507205.
3, 5, 167, 230941
List the prime factors of 2067334652.
2, 61, 8472683
What are the prime factors of 252373224?
2, 3, 10515551
List the prime factors of 1046017027.
11, 7591, 12527
What are the prime factors of 35935751?
241, 149111
What are the prime factors of 212114467?
2687, 78941
List the prime factors of 22590766.
2, 11, 1026853
What are the prime factors of 30144732?
2, 3, 761, 3301
What are the prime factors of 1128480038?
2, 7, 173, 465929
What are the prime factors of 1234708074?
2, 3, 3023, 22691
List the prime factors of 165116494.
2, 23, 3589489
What are the prime factors of 28367483?
28367483
List the prime factors of 1133519878.
2, 83, 6828433
List the prime factors of 152450788.
2, 7, 5444671
What are the prime factors of 2205587837?
17, 29, 4473809
What are the prime factors of 23316033?
3, 13, 59, 10133
What are the prime factors of 912842943?
3, 304280981
What are the prime factors of 470038675?
5, 18801547
What are the prime factors of 13828146?
2, 3, 2304691
List the prime factors of 943729834.
2, 89, 1531, 3463
What are the prime factors of 1360941759?
3, 9587, 15773
What are the prime factors of 10371060?
2, 3, 5, 7, 8231
List the prime factors of 549527071.
37, 14852083
List the prime factors of 1078227765.
3, 5, 61, 107, 3671
What are the prime factors of 1992568749?
3, 664189583
List the prime factors of 1769309079.
3, 2693, 219001
List the prime factors of 7799599851.
3, 23, 29, 47, 239, 347
List the prime factors of 1519688524.
2, 97, 331, 11833
What are the prime factors of 3344352001?
41, 1579, 51659
List the prime factors of 5745289632.
2, 3, 59846767
What are the prime factors of 1063635156?
2, 3, 29545421
What are the prime factors of 1638019512?
2, 3, 22750271
What are the prime factors of 9507030?
2, 3, 5, 13, 19, 1283
What are the prime factors of 1473009018?
2, 3, 13, 18884731
List the prime factors of 2376337489.
2376337489
List the prime factors of 5816826341.
107, 2671, 20353
What a